he value of (5 - 1) + (-1 - 0)?
3
Calculate (1 - (0 - 5)) + -4 + -3.
-1
What is 1 + 3 - (1 - (4 - 5))?
2
What is the value of 7 + 10 + -22 + 2?
-3
Calculate 0 - ((5 + -3 - 1) + 2).
-3
Calculate 2 + (6 - 4) + -2.
2
2 + -4 + 0 - (7 - 3)
-6
What is the value of (-1 + 15 - (4 - -2)) + -6?
2
Evaluate 8 - ((7 - 7) + -2 - -8).
2
Evaluate -1 - (-1 - (-6 + 10)).
4
What is the value of 50 - 47 - (-2 - 0 - -6)?
-1
What is the value of (0 - 0) + (3 - 0 - -1)?
4
What is 3 - (11 - -1 - (-12 + 17))?
-4
(-10 + 5 + 2 - -5) + 0
2
What is -3 + 0 - (-29 + 26) - -3?
3
-11 - (-6 + 2 + 1) - -4
-4
(-7 - -3 - -1) + 7
4
What is 5 - (-7 + 5 - -7)?
0
-5 - -4 - (0 + 5) - -4
-2
Evaluate -1 - (-5 + 7) - (-1 - 6).
4
Evaluate (1 - -3) + (8 - 13).
-1
1 + -1 - 1 - (-2 - 1)
2
What is (1 - (-3 - 0 - 0)) + -4?
0
Evaluate -3 + 20 + -6 + 3 + -8.
6
Evaluate 0 + -7 - (-2 + 5 + -5).
-5
Calculate -21 + 22 + (6 - (0 + 2)).
5
Calculate -5 + -4 + 3 + -1 + 2.
-5
What is the value of 20 + -10 + 1 + -18?
-7
Evaluate (6 + -5 - 0) + -12.
-11
Evaluate -6 + (2 - 2) + 9.
3
What is the value of -16 + (4 - -7) + -1?
-6
Calculate 3 + 3 + -4 + -2.
0
What is 4 - (-2 - (-8 - 2))?
-4
What is the value of -3 - 0 - (5 + (-13 - -5))?
0
What is the value of (-1 - -4) + 2 + 4 + -6?
3
Evaluate -12 + 7 + 11 + -8.
-2
What is the value of -4 - -2 - -1 - -4?
3
What is 1 + 1 + (9 - (-9 - -18))?
2
What is -10 - (-1 + 12 + -8 + -4)?
-9
(-2 + -6 - -5) + (0 - 1)
-4
What is 4 + (5 - 7) - -4 - -2?
8
What is 8 - 16 - (5 - 18)?
5
Calculate -7 - -4 - -6 - (-11 + 10).
4
What is 4 - ((-3 - -16) + -5)?
-4
Calculate (-3 + (2 - -5) - 1) + 2.
5
Calculate -2 + (-16 - -9) + (-1 - -5).
-5
-1 + 13 - 9 - (1 + -2)
4
What is the value of (-11 - -19) + -3 + -8?
-3
Calculate 2 + -1 + (2 + -6 - -5).
2
What is (2 - (3 + -3)) + (-3 - -4)?
3
What is the value of -12 + -2 + 10 - (2 - 9)?
3
(3 - 1) + 0 + -4 + 5
3
4 - (2 + -1 - 0)
3
What is 7 + -1 + -6 + (-9 - -11)?
2
(2 - -1) + (6 - 5)
4
What is (10 - 10) + (2 - (-4 - -5))?
1
Evaluate -25 + 27 + (0 - 5).
-3
What is the value of 4 + (16 + -3 + -6 - 5)?
6
Evaluate (13 - -3) + -9 + -4 + 6.
9
11 - (1 - 2 - -7)
5
What is the value of 1 + 0 - (-6 + 8 + -5)?
4
-45 + 46 + -1 + 1
1
-16 + 7 + 17 + -5
3
-4 - (0 + -7 + 3 + 0)
0
What is the value of 4 + -7 + 7 + -8?
-4
0 + -1 - (6 + -2 - 0)
-5
What is the value of 33 + -34 - (1 + -11 + 0)?
9
Evaluate -1 + -4 + (11 - -1).
7
Evaluate (0 + 6 - 11) + -1 + 4.
-2
Evaluate 2 + -5 + 8 + -1 - 3.
1
Calculate (11 - 8) + (3 - 1) + -15.
-10
Calculate 4 + -10 - (-3 + 0).
-3
-1 - -6 - (-4 - (0 + -4))
5
What is the value of 156 - 160 - (1 + -1 + 0)?
-4
Evaluate (-6 - -14 - 7) + 2 + 1.
4
What is 14 + -19 + 0 + 2?
-3
What is the value of 11 - 12 - ((-1 - 1) + 1)?
0
-3 + -3 + 0 - (0 - 1)
-5
-2 - (-1 + 2 + 3 + -6)
0
Evaluate (-6 - -4) + -1 - -4 - 7.
-6
Calculate -1 + -3 - (1 + -3 + -7).
5
Calculate 1 + (-4 - -4) + -1.
0
What is -2 + 6 + -1 - (0 + 0)?
3
(-8 - -12) + (-1 - (11 - 3))
-5
Evaluate -6 - ((8 - 5) + -3).
-6
4 + (-17 - -11) - (-5 + -1)
4
What is 2 + (1 - (6 + -13 - 0))?
10
Evaluate 2 + 4 - (-2 - (-6 + -3)).
-1
What is 2 + 0 + (-4 - -3)?
1
What is (3 + -6 - -5) + 1?
3
What is -10 - -3 - (0 + -9)?
2
What is the value of -1 + (-3 + 1 - (-3 + -3))?
3
Evaluate 0 - (4 - 4) - 1.
-1
What is the value of (-10 - 0) + (16 - (2 + 8))?
-4
What is (-6 - 15) + 10 + 4?
-7
What is -8 + 12 + -8 + -4?
-8
What is 3 - (18 - (4 + 5))?
-6
What is -1 + -6 - (-13 - -4 - -6)?
-4
What is -70 + 64 + 8 + -1?
1
Calculate -3 + -2 + (6 - 0).
1
-4 + (1 - (-2 - (-4 - -1)))
-4
Evaluate 28 + -25 - (-1 - -2).
2
(7 - (-2 - -12)) + 4
1
Calculate 0 - ((6 - 4) + 1).
-3
What is -150 - -155 - (3 - (-1 + -1))?
0
2 + (1 - (-6 - -5))
4
What is the value of (-4 - 0 - -5) + -5?
-4
25 - 28 - (-5 - 1)
3
What is 1 - ((-6 - -1 - -12) + -1)?
-5
Calculate (-13 - -10) + 11 + -3 - -3.
8
Calculate (3 - (3 + -2)) + -8 + 9.
3
What is the value of -1 + (8 + (-8 - -4) - -1)?
4
6 + -5 + 5 + -13 + 7
0
Evaluate (61 - 58) + 2 + 0 + 0.
5
What is 0 - (0 - 3 - -4)?
-1
Evaluate 18 + -8 + 0 - (5 + -2).
7
Calculate 6 + (-1 - 5 - 4).
-4
What is the value of 0 - -3 - (-1 + 6)?
-2
Calculate -1 - ((7 - 4 - 5) + 10).
-9
Calculate (2 - 4) + 5 + (-7 - -2).
-2
-20 - -26 - (1 - -2) - -3
6
Evaluate (-11 - -7) + (20 - 1 - 6).
9
What is the value of 2 + 1 + -2 - 4?
-3
-1 + 1 + 5 + 0
5
Evaluate -4 + 5 + -2 - -2.
1
Evaluate 16 + 3 + -11 + (0 - 6).
2
Evaluate 12 - (8 - -4) - (0 - -1).
-1
What is the value of 24 + -24 - (-9 + 1)?
8
1 + -2 + 7 - (-4 + 5)
5
(2 - -1) + 2 + -13 + 4
-4
What is the value of -1 + (9 + -8 + 1 - -3)?
4
What is 0 - (8 - (-4 + 10))?
-2
Evaluate (-6 - (-12 - 0)) + 0 + -1.
5
What is (8 + -11 - (2 + 1)) + 4?
-2
Evaluate (3 - 4) + -15 + 10.
-6
Evaluate -1 + 7 - (3 + -1 + -3).
7
What is 25 - 20 - (12 + 7 + -3)?
-11
1 - (11 - (-2 - -8))
-4
-4 + -1 + (-27 - -12 - -15)
-5
What is the value of 16 + (11 - (21 - -1))?
5
What is the value of 3 + (1 + -3 - 2)?
-1
(-2 - 4) + -3 + 5
-4
What is 4 + (-9 - -9) + -4?
0
What is the value of (2 - 4) + -4 + 5 + -1?
-2
Evaluate -1 + 3 + 0 - 4.
-2
What is 7 - 2 - (-113 + 114)?
4
What is (3 - 9) + 2 + -4 - -3?
-5
(1 - -1) + -1 + 2
3
Evaluate -1 + 0 - 2 - (-13 + 5).
5
What is the value of -4 - (-13 - (1 - 8))?
2
Calculate -3 + 1 - (0 - 0).
-2
6 - (0 - (-15 - -7))
-2
Calculate -5 + -4 - -11 - (0 + 5).
-3
What is the value of (-4 - (-2 + 2)) + 0?
-4
-1 - (1 + -5 + 10)
-7
Calculate -3 + 3 + 4 + -8.
-4
1 + (-1 - (-5 + 3))
2
-1 + (-1 - 3) + 3 + -1
-3
Evaluate 10 + -13 - (-1 + 2).
-4
What is (-8 - -11) + 0 - 13?
-10
What is -5 + 0 + 0 - -2?
-3
What is -1 + (0 - -2) - (17 - 14)?
-2
Calculate -6 - -6 - (-13 + 22).
-9
Calculate -3 - 0 - (-15 - -15).
-3
2 - (4 + 0 + -3)
1
What is the value of -6 - (0 + -3 + -1)?
-2
Evaluate -2 + 2 - -3 - 6.
-3
What is the value of 3 - 11 - (-5 - -2)?
-5
-4 + 1 - (-2 + 6 + -3)
-4
Calculate 3 + (-4 - -1) - (3 - 7).
4
What is the value of -3 - (-1 + (1 - -4) - 4)?
-3
What is the value of -2 + 19 + -4 + (-1 - 6)?
6
What is the value of (3 - -4) + (-7 - 0)?
0
(4 - 9) + 10 + (6 - 9)
2
Calculate 10 - (13 - 3) - -7.
7
(-6 - (4 - 6)) + 2
-2
What is 2 - ((0 - 1) + 1 + 5)?
-3
-3 + 6 + -3 + 0 + 5
5
What is the value of 2 + 3 + 5 + -1?
9
2 - (-10 + 23 - 13)
2
What is -3 + -1 + (1 + 0 - -3)?
0
Calculate (-12 - -8) + (-1 - -3).
-2
What is the value of -3 - -1 - (36 - 34)?
-4
What is the value of -4 + 2 + -9 + 0 + 2?
-9
-681 + 680 - (-1 + 0 + 10)
-10
Calculate 2 + (-2 - 4) + (-20 - -24).
0
Calculate -4 + (1 - (4 + -2)).
-5
6 + 3 + (-8 - -4)
5
What is -1 - -4 - (-64 + 72)?
-5
Evaluate 5 + 0 - (0 - -4 - -2).
-1
What is -27 + 15 + (12 - 7)?
-7
-9 - (0 - (2 + 2))
-5
What is 9 - 4 - (0 + -3 - -8)?
0
What is the value of -35 + 34 - ((1 - 5) + 0)?
3
What is 2 + 1 + -3 + 3?
3
Evaluate -11 - -10 - (1 + -2 + 1).
-1
What is (1 + -16 - (36 - 41)) + 5?
-5
Evaluate (2 - (1 + 5)) + 6.
2
Calculate -1 - (6 - (3 - 0)).
-4
Evaluate 0 - 0 - -2 - 0 - 4.
-2
Calculate 0 + (6 - 1) + -4.
1
(13 - 3) + (-19 - -1 - -12)
4
6 + -5 + (1 - (-2 + -1))
5
What is the value of 1 + (1 - -1) + (-15 - -16)?
4
What is the value of 9 - (11 - (4 - 3))?
-1
What is (5 - 1) + (253 - 263)?
-6
Calculate (-10 - -10 - (-1 + 0)) + -3.
-2
What is 64 - 63 - (1 + 1 + -5)?
4
Evaluate (1 - -5) + 15 + -20.
1
What is the value of 9 - -5 - 9 - 10?
-5
(2 - -3 - 1) + -4 + 1
1
What is -3 + (-4 - (-2 + 2 + -10))?
3
(1 - -5) + 1 + -11
-4
What is (-43 - -48) + (-1 - (4 + -1))?
1
Evaluate (2 - 5) + 0 + 7.
4
Calculate 4 + (-4 - -1) + 2.
3
Evaluate 0 - (9 - (-6 - -10)).
-5
What is the value of -2 - 2 - 1 - (-34 + 31)?
-2
Evaluate -2 + 0 - (97 + -94).
-5
What is -3 - (-5 - (-5 - -5) - -5)?
-3
What is the value of (1 - 2) + -5 - -6?
0
Evaluate (-14 - -12) + -3 + -3.
-8
Calculate -6 + -4 + 3 + 5.
-2
-3 + (-4 - -8) - 0
1
Calculate -6 - -6 - (11 + -5).
-6
Evaluate 7 + (-2 - (2 + 0)).
3
2 + (0 - 2) + (-28 - -30)
2
Calculate (6 - -1) + -9 + -9 + 10.
-1
What is the value of -3 - (-1 - ((-4 - 4) + 4))?
-6
Evaluate -1 - (-2 - -2) - (-4 - -5).
-2
3 + (1 - (-1 - -2))
3
What is the value of -3 + (5 - 8) + 7?
1
Calculate -7 + (15 - 8) + 0 + -1.
-1
Evaluate 0 - (-6 + (13 - 4)).
-3
Calculate 7 - ((-23 - -18) + -1 + 10).
3
(15 - 8) + 0 + 0
7
What is -12 - (8 - (-1 - -15))?
-6
What is 5 - (1 + -5 + 7)?
2
What is the value of 8 - (0 - -6) - (3 - 2)?
1
What is 0 - 2 - (3 + 5 + -1